*u. Give m(1).
-6
Let q be ((-3)/4)/((-12)/32). Let f(c) = 3*c + 4 - q - 5 - 2*c. Suppose 12 = 3*o - 4*v, 0 = 3*o + v + 3. Determine f(o).
-3
Let v(p) = -p**3 - 6*p**2 + 6*p - 2*p**3 - 5 + 4*p**3. Calculate v(5).
0
Let s be (-4)/2*81/18. Let d(m) = -m**3 - 9*m**2 + 2*m + 12. Give d(s).
-6
Let p(h) = h + 11. Let v be p(-6). Let o(a) = -a**2 + 7*a - 3. What is o(v)?
7
Let m(l) = 3*l**3 - 5*l**2 - 3. Let d(v) = 7*v**3 - 10*v**2 - v - 5. Let y(x) = 2*d(x) - 5*m(x). Calculate y(5).
-5
Let q(z) = z - 3. Suppose t + 4 = -5*n, 2*n - 5*n = t. Let y be q(t). Let w(v) = -3*v + v + y*v. Calculate w(0).
0
Let o be (-50)/(-8) - (-1)/(-4). Let d(x) = x**2 - 7*x + 1. Let t(r) = -r**2 + 6*r - 1. Let j(v) = 3*d(v) + 4*t(v). Give j(o).
-19
Let g(i) be the first derivative of -i**4/12 + 5*i**3/6 - 2*i**2 - 3*i + 5. Let r(m) be the first derivative of g(m). What is r(6)?
-10
Let m(f) = f. Let n(z) = -3*z**3 - z. Let b be n(-1). Let o be b*1 + (-2)/(-1). Give m(o).
6
Let h(a) be the third derivative of 0*a + 1/60*a**6 - 1/20*a**5 + 1/8*a**4 - 13*a**2 - 1/6*a**3 + 0. Suppose 2*f - n + 21 = -6*n, -4*n - 20 = 0. What is h(f)?
9
Let d be ((-6)/8)/(1/4). Let g(l) = l**2 - 2*l - 4. Let r(x) = x**2 + x - 1. Let j(p) = -g(p) + 2*r(p). Determine j(d).
-1
Let h(b) = -7*b**3 - 2*b**2 - 4*b. Let l(m) = 6*m**3 + m**2 + 4*m. Let d(g) = -5*h(g) - 6*l(g). What is d(3)?
-3
Let y(m) be the first derivative of 4 + m - 1/3*m**3 + 1/2*m**2. Determine y(2).
-1
Let b(u) = 7*u**3 - 15*u**2 - 7*u - 15. Let w(a) = -11*a**3 + 23*a**2 + 10*a + 23. Let h(l) = 8*b(l) + 5*w(l). Suppose 24 = 3*v + v. Calculate h(v).
-5
Let x(s) = -s**2 - 10. Let m(n) = -n**2 - 3*n. Let u be m(-3). Suppose 2*y + 3 = -j, -2*y = 2 - u. Let k be j/(-2)*2 + -1. What is x(k)?
-10
Let x(a) = -14*a**2 + 15*a - 12. Suppose -6 + 38 = 2*j. Let d = j - -1. Let n(z) = 5*z**2 - 5*z + 4. Let r(o) = d*n(o) + 6*x(o). What is r(-5)?
-4
Suppose l = -0*l. Suppose 0*b + 3*b + 15 = l. Let f(a) = a**2 + 3*a - 7. Give f(b).
3
Let b be (15/25)/(0 + 3/(-15)). Let y(c) = -c + 2. What is y(b)?
5
Let m(k) = k**3 + 3*k**2 + 2. Let z be m(-3). Let d be 1*1/z*-6. Let y(o) be the third derivative of -o**6/120 - o**5/15 + o**3/3 - 31*o**2 + 6. Give y(d).
-7
Let o(x) = -x - 4. Suppose -7*b = -2*b - 40. Suppose 0 = -a - a - s - 5, 4*a = -4*s - b. Determine o(a).
-1
Suppose -x = -5*s + 8, 5*x + 2*s - 12 = 2. Let p be (50/8)/((-2)/(-8)). Suppose 0 = 4*u - x*u - 10, 5*d + p = 2*u. Let o(k) = k + 1. Give o(d).
-2
Let y(u) be the first derivative of -u**4/4 + 5*u**3/3 + u**2 - 7*u + 22. What is y(5)?
3
Let g(d) = -d**3 + 4*d**2 - 4*d + 2. Let x be g(2). Suppose -3*t = -4*t. Let h(q) = t - q**2 - q - 1 + 3. Give h(x).
-4
Let f(j) = -j + 1 + 2*j + 1. Let l = -10 - -17. Let v(p) = p**3 - 6*p**2 - 6*p - 3. Let d be v(l). Calculate f(d).
6
Let o(u) be the first derivative of u**3/6 + u**2/2 + 4*u - 5. Let x(s) be the first derivative of o(s). What is x(0)?
1
Let k(v) = 5 + 4*v + 0 + 4 - v**2 - 2. Calculate k(6).
-5
Let w(s) = 2*s**2 + 3*s - 7. Let d be w(-3). Let p(u) = -u**d - 4*u**3 + 5*u - 52 + 3*u**3 + 0*u**3 + 56. Calculate p(-3).
7
Let r(x) = -7*x + 33 - 102 - x**2 + 31 + 33. Determine r(-6).
1
Let f(y) = y - 15. Let x(p) = -8*p + 8. Let t(h) = -h. Let w(z) = 14*t(z) - 2*x(z). Let n(m) = 3*f(m) - 2*w(m). Determine n(0).
-13
Let v(n) = -n + 0 - n**3 - 2 - 3 - 5*n**2 + 3. Determine v(-5).
3
Let s(y) = y**2 - 4*y + 8. Let x(h) = 0 + 2 - 3. Let g(v) = -s(v) - 5*x(v). Let l be g(3). Let a(r) = -r**2 + r + 5. Give a(l).
5
Let j be ((-7)/(-5))/((-5)/(-25) + 0). Let y(l) = l - 7. Calculate y(j).
0
Let i be (-24)/(-2)*2/(-4). Let w(x) = -5 + 5*x + 2 - 6*x. Calculate w(i).
3
Let v(n) = 4*n**2 + n. Let w be v(1). Suppose -3*t - 2*h + 9 + 1 = 0, -t - w*h - 14 = 0. Let c(z) = -3 - t*z - z + 6*z. Determine c(-3).
0
Let k(w) = -w**2 - w - 1. Let s(f) = 4*f**2 + f - 2. Let p(t) = 3*k(t) + s(t). Calculate p(4).
3
Suppose t - 9 = -8. Let f(p) = 8*p**2 + 2*p - 1. Give f(t).
9
Let h(r) be the second derivative of -r**4/6 - 2*r**3/3 - r**2 - 10*r. Determine h(-2).
-2
Let r(p) = -p**2 + 5*p - 6. Let g = -45 + 49. Calculate r(g).
-2
Suppose -12 + 34 = 2*a - 4*y, a - y - 6 = 0. Let t(h) = 11*h**2 + h. Give t(a).
12
Let g(r) be the first derivative of 5*r**3/3 - 2*r**2 - 4*r - 2. Let q(d) = -6*d**2 + 5*d + 5. Let s(k) = -5*g(k) - 4*q(k). Give s(-2).
-4
Let y(o) be the second derivative of o**5/20 - 3*o**4/4 + 3*o**3/2 - 4*o**2 - 9*o. Determine y(8).
0
Let u(j) = 2 - 6*j - 3 - 7*j. Let z(l) = -6*l. Let d(h) = -3*u(h) + 7*z(h). Give d(3).
-6
Let y(i) = i**2 - 9*i + 8. Let q be y(8). Let k(h) = 0*h**2 + 5*h + q*h**2 + h**2 + 0*h**2 - 3. What is k(-5)?
-3
Let q(u) = 3*u**3 + 3*u**2 - 4*u - 10. Let r(z) = 5*z**3 + 5*z**2 - 7*z - 19. Let c(y) = -7*q(y) + 4*r(y). Give c(0).
-6
Let s(u) = 12 - 41*u + 17*u + 25*u. Give s(-5).
7
Let p(i) = 3*i**2 + 35*i + 9. Let r be 160/(-26) + (-4)/(-26). Let a(g) = -g**2 - 12*g - 3. Let x(n) = r*p(n) - 17*a(n). What is x(-4)?
5
Let f(q) = -2*q**2 + 2*q + 2. Let a(v) = -3*v**2 + 4*v + 3. Let i(h) = 3*a(h) - 5*f(h). Let j be 22/(-6) + (-4)/12. Calculate i(j).
7
Let c(s) = -9*s - 1 + s**2 + 7 - 5. Calculate c(6).
-17
Suppose 2*f - 24 = -4*c + 34, 3*c = 2*f + 26. Let l = c + -17. Let y(r) be the third derivative of r**6/120 + r**5/15 - r**4/6 + 2*r**3/3 - 5*r**2. Give y(l).
-1
Let u(l) = -3*l + 2. Let p = -29 + 32. Give u(p).
-7
Let z(l) = -3*l**2 - 11*l + 4. Let s(y) = y**2 + y. Let b = 12 - 6. Let g be (4/(-3))/((-2)/b). Let n(x) = g*s(x) + z(x). Determine n(5).
-6
Let x be (-5)/(-3) + (-38)/(-6). Let u(s) = s**3 - 8*s**2 - s - 1. Calculate u(x).
-9
Suppose -m - 5 - 1 = 0. Let r(y) be the third derivative of -1/2*y**3 + y**2 + 0*y + 0 - 1/24*y**4. Determine r(m).
3
Suppose 0*z - 30 = -3*z. Let m = z - 14. Let p(h) = h**2 + 6*h + 1. What is p(m)?
-7
Let k(c) = c**3 + 8*c**2 - 10*c - 2. Suppose 15*o + 4*o = -171. Determine k(o).
7
Let m(y) = 1 - 34*y**2 - 3*y**3 + 33*y**2 - 3*y**3. Give m(-1).
6
Let d be -1 + -2 - (3 - 2). Let v(p) = -80*p + 35. Let u(m) = -9*m + 4. Let x(b) = d*v(b) + 35*u(b). What is x(1)?
5
Let l(w) be the third derivative of 0*w + 1/360*w**6 - 1/6*w**3 - 1/8*w**4 + 1/120*w**5 - 3*w**2 + 0. Let i(c) be the first derivative of l(c). What is i(-3)?
3
Let z = 1 - -3. Let r(d) = -d**3 - z*d**3 + 1 + 3*d**3. Let l be r(-1). Let j(g) = -g**3 + 3*g**2 - 3*g + 2. Calculate j(l).
-7
Let a(c) = -c**2. Let t(u) = u**3 + 5*u**2 + 2*u - 1. Let x = 0 + -2. Let q(p) = x*a(p) - t(p). Give q(-3).
7
Let s(q) = q - 8. Let z(w) = -w - 9. Let y = -24 + 10. Let c be z(y). Calculate s(c).
-3
Let c = -41 + 37. Let b(v) = -4*v - 2. Give b(c).
14
Let m = -5 - -5. Suppose m*g = g - 4*t - 24, -57 = -4*g + 3*t. Let b be (-3)/(-4) - 33/g. Let l(a) = 7*a + 2. Give l(b).
-12
Let f(j) = -j - 3. Suppose -h - 3 = 1. Give f(h).
1
Let f(t) = -t + 4 + t**3 - 3*t**2 - 4 - 3. Let v = -428 + 432. What is f(v)?
9
Let l = 6 + -3. Let f(m) = -3 + m - l*m + 3*m. Determine f(-5).
-8
Suppose 84*u + 3 = 83*u. Let j(b) = b**2 + 5*b + 6. Determine j(u).
0
Let u(f) be the third derivative of -f**6/120 - f**5/10 - f**4/4 - 2*f**3/3 + 9*f**2. What is u(-5)?
1
Let a(c) = c**3 - 12*c**2 + 12*c - 8. Let x = 45 + -34. Calculate a(x).
3
Let j(y) = 2*y - 13 - y**2 + 28 - 18. Give j(3).
-6
Let p(x) = -x**3 + 6*x**2 - 4*x - 3. Suppose 35 - 10 = 5*a. Let m be p(a). Let i be m - (-1 - (-6 + 3)). Let k(b) = -b - 2. What is k(i)?
-2
Let r(u) = -6*u - 3. Let p = -16 + 28. Let i be p/(-8)*12/9. Give r(i).
9
Let m(z) be the first derivative of z**3/3 + 2*z**2 + 5*z - 1. What is m(-4)?
5
Let o(s) = 2*s**2 - 7 + 4*s - 3*s + 3*s**3 - 4*s**3 + 6. Determine o(3).
-7
Let j(x) = x**3 + x**2 - x + 1. Let i be j(0). Let d(n) = -5*n - 1. What is d(i)?
-6
Let o be 4/(-10) - 37/(-5). Suppose -3*l - 12 = -6*l. Let m(d) = 2*d**2 - l - 3*d**2 + o + d. Determine m(0).
3
Let f(k) = k - 2. Let u be f(7). Let i(p) be the first derivative of p**2 - 7*p - 1. Let y be i(u). Let j(c) = -c**2 + 2*c. Calculate j(y).
-3
Let w(r) = -r**3 + 4*r**2 - 5. Let l be w(4). Suppose -5*j + 1 = -29. Let o(p) = 0 + 8 - 5 - p**2 - j*p. Determine o(l).
8
Let c(h) = 2*h**3 + 8*h**2 - 7*h + 10. Let z(y) = 3*y**3 + 12*y**2 - 10*y + 15. Let k(g) = 8*c(g) - 5*z(g). What is k(-5)?
10
Let p(n) be the second derivative of 5*n**3/6 + 3*n**2/2 +